= -4*f + 21. Suppose -f*b - 152 = -s*b. What are the prime factors of b?
2, 19
Let a(p) = -6*p. Let g be a(0). Suppose 0 = -g*z - 2*z + 284. What are the prime factors of z?
2, 71
Suppose 0 = q - 4*p - 443, -2*q + 5*p = q - 1350. What are the prime factors of q?
5, 7, 13
Suppose 22*q - 7*q - 15720 = 0. What are the prime factors of q?
2, 131
Let o be (1 - 2/(-2))/1. Suppose -18 = -4*k + o, 4*m + 3*k = 159. Suppose 2*i - 4*b = 56, 2*i + 2*b - b = m. List the prime factors of i.
2, 5
Let u(k) = -k**3 + 11*k - 4 - 3*k - 5*k**2 - 5*k. Let t be u(-6). Suppose -11 - 7 = -n + 3*q, -3*n + t = q. List the prime factors of n.
2, 3
Let y(c) = -5*c**2 + c. Let l be y(1). List the prime factors of 405/30 + (-6)/l.
3, 5
List the prime factors of (2 - 48/6) + 660.
2, 3, 109
List the prime factors of ((-6)/4 + (-2758)/28)*-4.
2, 5
Let j be 1/(-4) - (-1923)/12. Let p be (j/12)/(-4)*3. Let l = p + 27. List the prime factors of l.
17
Let b(h) = -h**3 - 19*h**2 - h - 19. Let x be b(-19). Suppose x = 2*z - 4, 5*d + 3*z - 861 = -230. What are the prime factors of d?
5
Let m(s) = -s**3 + 9*s**2 - 8*s + 4. Let u be m(8). Suppose -u = 5*d - 3*d. Let i(r) = -3*r**3 + 2*r**2 + r. What are the prime factors of i(d)?
2, 3, 5
Suppose 14*g = 12*g + 8. What are the prime factors of -2 + 738/15 + g/5?
2, 3
Let c(g) = 21*g**2 - 3*g + 13. Let o be 3 - (1 - 0)*(-6 - -6). What are the prime factors of c(o)?
193
Suppose -u + 62 = u. Let a(m) = -m**2 - 9*m - 3. Let p be a(-5). Let y = u - p. List the prime factors of y.
2, 7
Let d be 1/((-4)/(-16)*2). Suppose 4*k - 4 = d*c, -c - 2*c + 10 = 2*k. What are the prime factors of (-1 - -2)/c*8?
2
Suppose 0 = 2*b - 0*b - 8, 2*b - 112 = -u. Let j = -72 + u. What are the prime factors of j?
2
Let s(u) = 3*u + 8. Suppose 0 = -3*l + 53 - 38. List the prime factors of s(l).
23
Let a(w) = 25*w - 144. What are the prime factors of a(8)?
2, 7
Suppose -4*r + 16 = -4, 4*f = 5*r + 3. Let z be (f/14)/(1/(-10)). What are the prime factors of 13/3*(-30)/z?
2, 13
Let o = 132 - -331. What are the prime factors of o?
463
Suppose -i + 2*v + 7 = 0, 4*v - v + 16 = -4*i. Let k be (i*5)/((-5)/55). What are the prime factors of 11/k + 114/5?
23
Let v be 1/1*(3 + 2). Suppose 2*k - 531 = -v*f, 4*k = -5*f + 425 + 102. Let r = f - 63. List the prime factors of r.
2, 11
Let p(g) = -3*g + 820. Let m be p(0). Suppose -2*j = 5*a + j - m, -2*a - j = -327. List the prime factors of a.
7, 23
Let u(q) be the third derivative of -q**6/120 + 2*q**5/15 + q**4/24 + 5*q**3/6 - 11*q**2. What are the prime factors of u(5)?
5, 17
Suppose 21*c - 27 = 15. List the prime factors of c.
2
Let p(h) = -5*h**3 + 6*h**2 + 5*h + 5. Let r be p(-3). Suppose 3*a = 9, -o + a = -3*a - r. List the prime factors of o.
191
Let o(b) = 5*b**2 + 14*b + 3. Let n be o(-6). List the prime factors of (133/21 - 7)/((-1)/n).
2, 3, 11
Suppose -12*v + 15 = -9*v. Let w(y) = y**3 - 2*y**2 + 9*y - 11. What are the prime factors of w(v)?
109
Suppose 20*o - 48 = 16*o. Let z = -8 + o. Suppose -5*j - z*f = -311, 3*f - 123 = -j - j. What are the prime factors of j?
3, 7
Let v(n) = -n - 5. Let w be v(-8). Suppose -5*h + 3*r + 98 = 0, -w*h - h + 5*r = -68. Let i = -10 + h. List the prime factors of i.
2, 3
Suppose -4454 = -4*s - 2*l, -4604 = -4*s - l - 145. List the prime factors of s.
2, 3, 31
Let p be 1082/6 + (-2)/6. Suppose -4*t + 3*y - p = -9*t, 4*t + 4*y = 152. What are the prime factors of t?
3, 11
Let t(p) = 51*p**3 + 5*p**2 - 10*p - 14. List the prime factors of t(3).
2, 13, 53
Suppose x + 8 = 3*x. Suppose 5*m - 292 = -x*y, 21 + 132 = 3*m - 5*y. Suppose 3*z = -z + m. List the prime factors of z.
2, 7
Suppose -u - 2*u + 2*i = -148, -2*u + i = -97. Let z = u + 16. List the prime factors of z.
2, 31
Suppose 0 = -6*l - 381 + 3501. What are the prime factors of l?
2, 5, 13
Let t(v) = -4*v**3 - 7*v**2 - 5*v + 5. Let p be t(-5). Suppose p = 2*y + 3*y. What are the prime factors of y?
71
Suppose -7 + 31 = 4*c. Suppose -3*f + c*i = i - 607, -3*f + 623 = -i. What are the prime factors of f?
11, 19
Suppose 0 = 6*z - 0*z - 1992. Suppose -z = -9*c + 253. List the prime factors of c.
5, 13
Let l be ((-469)/42)/(2/(-12)). Suppose 3*r - 79 = -l. List the prime factors of r.
2
Suppose -3*c - 3*p = -30, -2*c + 2*p + 40 = c. Suppose 0*q = -5*t - 2*q + c, 4 = 4*t + 3*q. List the prime factors of ((-4)/(-2))/(2/t).
2
Let m = 4642 + -2837. List the prime factors of m.
5, 19
Let a(g) = g**2 + g + 7. Let c be a(-2). List the prime factors of (0 - 12 - 1)*c/(-1).
3, 13
Let o be 1 + -3 + 6 - -14. Let x be (-30)/135 + (-68)/o. What are the prime factors of (-36)/(-8)*(2 - x)?
3
Let s(f) be the second derivative of -7/2*f**2 + 0 + 5/3*f**3 + 9*f. What are the prime factors of s(3)?
23
Let a be -798*-2*3/(-12). Let q = -231 - a. Let v = -117 + q. What are the prime factors of v?
3, 17
Let k(g) = -g**3 + 6*g**2 - 4*g + 5. Let o be k(5). Suppose 0*y = -4*d + y - 8, -3*d = 2*y + 17. List the prime factors of (-9)/d*(o + -3).
3, 7
Suppose -5*k - 18 = 2*l - 3*l, -4*k = -l + 15. Suppose -8*o + d + 16 = -l*o, -2*o + 20 = 3*d. Suppose -5*f - o = -14. List the prime factors of f.
2
Let r(h) = -6*h**2 - 11*h + 1. Let s be r(-3). Let b = s - -51. What are the prime factors of b?
31
Suppose 2*v - 7 = 11. Let z = v + -9. Suppose r - 5*b = -z*r + 6, 0 = -5*b + 5. What are the prime factors of r?
11
Let w(u) = 22*u + 17. Let v(s) = 21*s + 16. Let g(j) = -5*v(j) + 4*w(j). List the prime factors of g(-9).
3, 47
Suppose -5*s - 9 = -8*s. Let y(a) = -100*a**3 + 101*a**s - 6*a + 6*a**2 + 4 + 3. What are the prime factors of y(-6)?
43
Let b(d) = d**3 + 18*d**2 + 11*d - 10. Let k(t) = 17*t**2 + 10*t - 11. Let w(r) = 2*b(r) - 3*k(r). List the prime factors of w(8).
13
Suppose -23175 - 2543 = -7*p. What are the prime factors of p?
2, 11, 167
Let s = 84 + -44. Suppose 3*y - y = -5*j + 68, 0 = 4*j - 2*y - s. What are the prime factors of j?
2, 3
Suppose -131 = 5*b + 4*r, 5*r + 40 = -2*b - 9. Let v = b + 49. Let c = v + -1. What are the prime factors of c?
3, 7
Let k = -5 - -4. Let u be ((-2)/k)/(2/(-11)). Let g = u - -40. What are the prime factors of g?
29
Let l(s) = -501*s**3 + 2*s**2 + s. List the prime factors of l(-1).
2, 251
Let q = 63 - 50. List the prime factors of (-1)/(39/6) + 2186/q.
2, 3, 7
Suppose -5*n = -0*y + y - 948, 2*n = 3*y + 369. Suppose -4*d - 8 = 0, -n = -5*b + 3*d + 27. List the prime factors of b.
2, 3, 7
Let t(p) = 5*p**2 - 5. Let v(o) = -o**2 + 1. Suppose -8 + 2 = 3*l. Let x(g) = l*t(g) - 11*v(g). List the prime factors of x(-6).
5, 7
Let h(z) = -5*z - 13. Let j be h(-5). Let p = j + 44. What are the prime factors of p?
2, 7
Let f(z) = z**2 - 19*z + 1. Let y be f(19). What are the prime factors of (0 + -3*y)*7424/(-192)?
2, 29
Let v = -110 - -2. Let u = -53 - v. List the prime factors of u.
5, 11
Let o(q) = -q**3 - 11*q**2 - 12*q - 11. Let x(i) = 3*i + 5. Let k(v) = -v - 2. Let y be k(3). Let r be x(y). List the prime factors of o(r).
3
Suppose -13*g - 5855 = -18*g - 2*x, 0 = 5*g - x - 5840. What are the prime factors of g?
7, 167
Let j(o) = 16*o - 30. Let d be j(10). Let f = -42 + d. What are the prime factors of f?
2, 11
Suppose 2*q + 2*d = 0, -4*q + 3*d = -2*d - 18. Let z(c) = 3*c**2 + c + c - c**3 - 4*c + 2. What are the prime factors of z(q)?
2
Suppose -498 = -3*c - 5*g, -53*g - 313 = -2*c - 50*g. What are the prime factors of c?
7, 23
Suppose 0 + 2 = -2*j - 2*n, -2*j - 4 = n. What are the prime factors of 37 + (0*1/(-4))/j?
37
Let u(s) = -93*s - 82. List the prime factors of u(-12).
2, 11, 47
Let j(h) be the first derivative of -h**2 - 4*h + 2. What are the prime factors of j(-8)?
2, 3
Suppose -26 = -2*v - 18. Suppose -3*p = -5*n - 0 - 38, -94 = -v*p - 2*n. List the prime factors of p.
3, 7
Let f(y) = 2*y**2 - 18*y + 50. What are the prime factors of f(-25)?
2, 5, 7
Let d = -62 - -106. Let w be 0 - (-2*4 - -3). Suppose -3*f = -w*f + d. List the prime factors of f.
2, 11
Suppose -27*m = 18*m - 14670. What are the prime factors of m?
2, 163
Let j(l) = -7*l**2 - 2*l - 1. Let a be j(-1). Let r be 2*3/(-12)*a. Let g(m) = m**3 - 2*m - 4. What are the prime factors of g(r)?
17
Let b = -1936 + 4541. List the prime factors of b.
5, 521
Suppose -2*d + 3*d = -1. What are the prime factors of 11 + -9 + (25 - (d + 1))?
3
Suppose 2*a + 68 = 3